{"id":9,"date":"2011-11-16T12:09:43","date_gmt":"2011-11-16T12:09:43","guid":{"rendered":"http:\/\/www.acupunturaveterinaria.es\/?page_id=9"},"modified":"2015-08-12T10:03:32","modified_gmt":"2015-08-12T10:03:32","slug":"situacion","status":"publish","type":"page","link":"https:\/\/www.acupunturaveterinaria.es\/?page_id=9","title":{"rendered":"Art\u00edculos"},"content":{"rendered":"<p><strong>\u00bfQu\u00e9 es la Acupuntura Veterinaria?<\/strong><\/p>\n<p>La acupuntura puede ser definida como la inserci\u00f3n de agujas en puntos espec\u00edficos en el cuerpo para producir una respuesta de curaci\u00f3n. Cada punto de acupuntura tiene acciones espec\u00edficas cuando son estimuladas. Esta t\u00e9cnica ha sido utilizada en la pr\u00e1ctica veterinaria en China durante miles de a\u00f1os para tratar muchas enfermedades. Los chinos tambi\u00e9n utilizan la acupuntura como medicina preventiva. La acupuntura se utiliza en todo el mundo, ya sea a lo largo o en combinaci\u00f3n con la medicina occidental, para tratar una amplia variedad de condiciones en todas las especies de animales. La investigaci\u00f3n cl\u00ednica ha llevado a cabo que muestra resultados positivos en el tratamiento de animales y seres humanos, y el uso de la acupuntura est\u00e1 en aumento. La acupuntura no cura todas las condiciones, pero puede funcionar muy bien cuando se indica.<\/p>\n<p><strong>Acupuntura Veterinaria<\/strong><\/p>\n<p>La acupuntura veterinaria es la pr\u00e1ctica de realizar la acupuntura en animales. Los m\u00e9dicos veterinarios en los Estados Unidos han practicado la acupuntura ya en la d\u00e9cada de 1970. La demanda de la acupuntura veterinaria ha aumentado de manera constante desde la d\u00e9cada de 1990. La acupuntura se utiliza principalmente para problemas funcionales, tales como los que implican inflamaci\u00f3n no infecciosa, par\u00e1lisis, o dolor. Para los animales peque\u00f1os, la acupuntura se ha utilizado para tratar la artritis, displasia de cadera, granuloma lamer, asma felino, diarrea y ciertos problemas reproductivos.<\/p>\n<p>Para los animales de mayor tama\u00f1o, la acupuntura se ha utilizado para tratar el s\u00edndrome de vaca ca\u00edda, par\u00e1lisis del nervio facial, dermatitis al\u00e9rgica, problemas respiratorios, c\u00f3licos no quir\u00fargico, y ciertos trastornos reproductivos. La acupuntura tambi\u00e9n se ha utilizado en animales competitivos, como los que participan en las carreras y mostrar. Acupuntura Veterinaria Recientemente se ha utilizado en los animales m\u00e1s ex\u00f3ticos, como un cocodrilo con la escoliosis, aunque esto sigue siendo bastante raro.<\/p>\n<h2 style=\"text-align: center;\"><span style=\"text-decoration: underline;\">\u00a0<strong>Aportes en revistas<\/strong><\/span><\/h2>\n<p><strong>-Aportes a la revista Vitae<\/strong><\/p>\n<p><strong>Las aventuras y desventuras de un caballo llamado Lancero<\/strong><\/p>\n<p>Para los pura raza: Energy<\/p>\n<p>Hola, soy <em>Cristina Sierra, <\/em>licenciada en <strong><em>Veterinaria <\/em><\/strong>por la <strong>Universidad<\/strong><\/p>\n<p><strong>Complutense de Madrid<\/strong>. Practico <strong><em>acupuntura<\/em><\/strong>, <strong><em>fitoterapia china <\/em><\/strong>y <strong><em>quiropr\u00e1ctica <\/em><\/strong>en peque\u00f1os y grandes animales. En el a\u00f1o 2005 supe,por primera vez, de los productos de <strong>Energy <\/strong>gracias a <em>Gemma Knowles <\/em>de <em>Can\u00f3polis, <\/em>con la que coincid\u00ed estudiando acupuntura en <em>Terrassa.<br \/>\nGemma,<\/em> experta en terapias naturales, me coment\u00f3 su experiencia utilizando los productos en perros, especialmente en casos de insuficiencia renal, donde obten\u00eda excelentes resultados. Posteriormente, fui conociendo mejor todos los dem\u00e1s productos y utiliz\u00e1ndolos cada vez m\u00e1s.<\/p>\n<p>Os presento el caso de un caballo <em>Lancero.<\/em><\/p>\n<p><em>Lancero <\/em>es un caballo macho <strong>Pura Raza Espa\u00f1ol <\/strong>(PRE) de 17 a\u00f1os, de los que lleva siete con su actual due\u00f1a, <em>Cristina P\u00e9rez Mart\u00edn<\/em>, que lo adora y trabaja con \u00e9l en doma cl\u00e1sica, en la que es una experta jinete. Lo cuida mucho d\u00e1ndole una buena alimentaci\u00f3n, salidas diarias, tratamientos veterinarios cuando lo precisa\u2026.<\/p>\n<p>En este tiempo, <em>Lancero <\/em>ha sufrido cinco c\u00f3licos nefr\u00edticos, que fueron atendidos por su veterinario cl\u00ednico en<\/p>\n<p>la cuadra.<\/p>\n<p>Aunque se recuper\u00f3 de todos, hace tres a\u00f1os sufri\u00f3 un c\u00f3lico tan doloroso que fue trasladado al <em>Hospital de la Facultad Complutense de Madrid <\/em>donde<em> <\/em>estuvieron a punto de operarle; sorprendentemente el caballo se recuper\u00f3 antes de la cirug\u00eda.<\/p>\n<p>Tras este episodio volvi\u00f3 a la normalidad en su tratamiento con alimentaci\u00f3n especial y mucho cari\u00f1o.<\/p>\n<p>Hace un par de a\u00f1os, en verano, se le inflamaron los test\u00edculos. Su veterinario le hizo una ecograf\u00eda y ten\u00eda varias calcificaciones. Decidieron que lo mejor era realizar una castraci\u00f3n.<\/p>\n<p>Aunque todo sali\u00f3 bien, al d\u00eda siguiente a la castraci\u00f3n <em>Lancero <\/em>tuvo una reacci\u00f3n al\u00e9rgica en la piel, extendida<\/p>\n<p>por distintas partes del cuerpo en forma de granos, no muy pruriginosos y de distintos tama\u00f1os.<\/p>\n<p>Le inyectaron corticoides y empez\u00f3 a mejorar, pero ya en ese momento empez\u00f3 a tener problemas para metabolizar los medicamentos (como la anestesia de la operaci\u00f3n y los antiinflamatorios no esteroideos que le mandaron para los d\u00edas siguientes) por v\u00eda<\/p>\n<p>hep\u00e1tica y renal, lo que provoc\u00f3 la reacci\u00f3n en la piel.<\/p>\n<p>En octubre del a\u00f1o pasado empez\u00f3 otra vez con problemas de alergia en la piel. En principio su veterinario cl\u00ednico le inyectaba corticoides de vez en cuando, porque la reacci\u00f3n era realmente virulenta y por todas partes:<\/p>\n<p>cuello, tronco, parte posterior de los m\u00fasculos isquiotibiales\u2026<\/p>\n<p>Los bultitos cambiaban de sitio y de tama\u00f1o constantemente, si bien no eran muy pruriginosos y la piel no estaba lesionada. Su veterinario pens\u00f3 que podr\u00eda ser una alergia por contacto\u2013que pod\u00eda ser la manta, el sudadero o alguna sustancia de la cuadra\u2013, o una alergia alimentaria o a la paja, la alfalfa, el grano, los aditivos del pienso\u2026<\/p>\n<p>Intentaron todo tipo de cambios para llegar a alguna conclusi\u00f3n. Se le cambi\u00f3 la cama, la alimentaci\u00f3n e incluso<\/p>\n<p>de box. Pero la alergia continuaba y no se sab\u00eda la causa. El siguiente paso era hacer un an\u00e1lisis de sangre con pruebas de los al\u00e9rgenos m\u00e1s comunes en caballos y ver la posibilidad de una autovacuna, o bien retirar alg\u00fan<\/p>\n<p>alimento.<\/p>\n<p>Aqu\u00ed <em>Cristina <\/em>me pidi\u00f3 ayuda. Yo hab\u00eda tratado a <em>Lancero <\/em>en varias ocasiones, a veces con acupuntura, como<\/p>\n<p>cuando com\u00eda tierra y heces cuando lo dejaban suelto. Otra, ante una rigidez en un miembro posterior y problemas de lateroflexi\u00f3n del dorso a un lado, us\u00e9 la quiropraxia.<\/p>\n<p>&nbsp;<\/p>\n<p><em>Lancero <\/em>y <em>Cristina P\u00e9rez<\/em>, su amazona<\/p>\n<p>Pueden visitar la revista vitae en ella encontraran todo sobre caso de alerg\u00eda en caballo pura raza espa\u00f1ol\u00a0<a href=\"http:\/\/bit.ly\/RevistaVitae35Verano2015\" target=\"_blank\">http:\/\/bit.ly\/RevistaVitae35Verano2015<\/a><\/p>\n<p><strong>-Nota realizada para Chi Institute<br \/>\n<\/strong><\/p>\n<p>En el articulo se explica todo sobre el tratamiento integrativo en la recuperaci\u00f3n de una artrodesis pancarpal bilateral en un golden retriever<\/p>\n<p>Pueden visitar el mismo en:<\/p>\n<p><a href=\"http:\/\/www.tcvm.com\/NewsArticles\/TabId\/245\/ArtMID\/1382\/ArticleID\/15\/Case-Report-Recovery-from-Bilateral-Pancarpal-Arthrodesis-with-TCVM.aspx\" target=\"_blank\">\u00a0http:\/\/www.tcvm.com\/NewsArticles\/TabId\/245\/ArtMID\/1382\/ArticleID\/15\/Case-Report-Recovery-from-Bilateral-Pancarpal-Arthrodesis-with-TCVM.aspx<\/a><\/p>\n","protected":false},"excerpt":{"rendered":"<p>\u00bfQu\u00e9 es la Acupuntura Veterinaria? La acupuntura puede ser definida como la inserci\u00f3n de agujas en puntos espec\u00edficos en el cuerpo para producir una respuesta de curaci\u00f3n. Cada punto de acupuntura tiene acciones espec\u00edficas cuando son estimuladas. Esta t\u00e9cnica ha sido utilizada en la pr\u00e1ctica veterinaria en China durante miles de a\u00f1os para tratar muchas&nbsp;<a href=\"https:\/\/www.acupunturaveterinaria.es\/?page_id=9\" class=\"read-more\">Continue Reading<\/a><\/p>\n","protected":false},"author":1,"featured_media":0,"parent":0,"menu_order":0,"comment_status":"open","ping_status":"open","template":"","meta":{"footnotes":""},"class_list":["post-9","page","type-page","status-publish","hentry"],"_links":{"self":[{"href":"https:\/\/www.acupunturaveterinaria.es\/index.php?rest_route=\/wp\/v2\/pages\/9","targetHints":{"allow":["GET"]}}],"collection":[{"href":"https:\/\/www.acupunturaveterinaria.es\/index.php?rest_route=\/wp\/v2\/pages"}],"about":[{"href":"https:\/\/www.acupunturaveterinaria.es\/index.php?rest_route=\/wp\/v2\/types\/page"}],"author":[{"embeddable":true,"href":"https:\/\/www.acupunturaveterinaria.es\/index.php?rest_route=\/wp\/v2\/users\/1"}],"replies":[{"embeddable":true,"href":"https:\/\/www.acupunturaveterinaria.es\/index.php?rest_route=%2Fwp%2Fv2%2Fcomments&post=9"}],"version-history":[{"count":13,"href":"https:\/\/www.acupunturaveterinaria.es\/index.php?rest_route=\/wp\/v2\/pages\/9\/revisions"}],"predecessor-version":[{"id":406,"href":"https:\/\/www.acupunturaveterinaria.es\/index.php?rest_route=\/wp\/v2\/pages\/9\/revisions\/406"}],"wp:attachment":[{"href":"https:\/\/www.acupunturaveterinaria.es\/index.php?rest_route=%2Fwp%2Fv2%2Fmedia&parent=9"}],"curies":[{"name":"wp","href":"https:\/\/api.w.org\/{rel}","templated":true}]}}